{"id":1075,"date":"2021-03-23T16:43:47","date_gmt":"2021-03-23T15:43:47","guid":{"rendered":"https:\/\/scubi.stade.net\/?page_id=1075"},"modified":"2026-03-24T10:34:28","modified_gmt":"2026-03-24T09:34:28","slug":"kompressor","status":"publish","type":"page","link":"https:\/\/scubi.stade.net\/?page_id=1075","title":{"rendered":"Kompressor"},"content":{"rendered":"\n <p> Seit dem 20.08.2021 verf\u00fcgt die Tauchsportgemeinschaft SCUBI e.V. Stade \u00fcber einen eigenen modernen Kompressor des Modells PE-MVE 250 der Marke Bauer. Mit seiner Luftlieferleistung von 250L\/min, B-DRAIN Kondensatautomatik und elektronischer SECURUS Filterpatronen\u00fcberwachung, k\u00f6nnen wir jederzeit schnell, zuverl\u00e4ssig und sicher Atemluft nach DIN EN 12021 f\u00fcr die Ausbildung und unsere Mitglieder zur Verf\u00fcgung stellen. Der Kompressor ist fest in unserer Vereinsgarage installiert und hat seinen eigenen Kompressorraum. Er wurde von der <a rel=\"noreferrer noopener\" href=\"https:\/\/www.dekra.de\" target=\"_blank\">DEKRA Automobile GmbH<\/a> Niederlassung Hamburg vor Inbetriebnahme nach BetrSichV \u00fcberpr\u00fcft und wird routinem\u00e4\u00dfig Wartungen sowie j\u00e4hrlich einer Gasanalyse unterzogen.  <\/p> \n\n\n\n <p> Die Anschaffung des Kompressors wurde gef\u00f6rdert durch die <a rel=\"noreferrer noopener\" href=\"https:\/\/www.lotto-sport-stiftung.de\/\" target=\"_blank\">Nieders\u00e4chsische Lotto-Sport-Stiftung<\/a>, die <a rel=\"noreferrer noopener\" href=\"https:\/\/de.dow.com\/de-de\/standorte\/stade.html\" target=\"_blank\">DOW Stade<\/a> und die <a href=\"https:\/\/www.vobaeg.de\/\" target=\"_blank\" rel=\"noreferrer noopener\">Volksbank Stade-Cuxhaven eG<\/a>. <\/p> \n\n\n\n<div style=\"height:20px\" aria-hidden=\"true\" class=\"wp-block-spacer\"><\/div>\n\n\n<div class=\"wp-block-image is-style-default\">\n<figure class=\"aligncenter size-large is-resized\"><img loading=\"lazy\" decoding=\"async\" width=\"684\" height=\"1024\" src=\"https:\/\/scubi.stade.net\/wp-content\/uploads\/2021\/08\/Angeschlossen-1-684x1024.jpg\" alt=\"\" class=\"wp-image-1313\" style=\"width:342px;height:512px\" srcset=\"https:\/\/scubi.stade.net\/wp-content\/uploads\/2021\/08\/Angeschlossen-1-684x1024.jpg 684w, https:\/\/scubi.stade.net\/wp-content\/uploads\/2021\/08\/Angeschlossen-1-200x300.jpg 200w, https:\/\/scubi.stade.net\/wp-content\/uploads\/2021\/08\/Angeschlossen-1-768x1150.jpg 768w, https:\/\/scubi.stade.net\/wp-content\/uploads\/2021\/08\/Angeschlossen-1-1026x1536.jpg 1026w, https:\/\/scubi.stade.net\/wp-content\/uploads\/2021\/08\/Angeschlossen-1-1368x2048.jpg 1368w, https:\/\/scubi.stade.net\/wp-content\/uploads\/2021\/08\/Angeschlossen-1-scaled.jpg 1710w\" sizes=\"auto, (max-width: 684px) 100vw, 684px\" \/><\/figure>\n<\/div>\n\n\n<div style=\"height:50px\" aria-hidden=\"true\" class=\"wp-block-spacer\"><\/div>\n\n\n\n <p> <strong>Kompresssorwart &amp; Flaschenf\u00fcllung<\/strong> <\/p> \n\n\n<div class=\"wp-block-image is-style-rounded\">\n<figure class=\"alignleft size-thumbnail\"><img loading=\"lazy\" decoding=\"async\" width=\"150\" height=\"150\" src=\"https:\/\/scubi.stade.net\/wp-content\/uploads\/2020\/06\/Daniel-150x150.png\" alt=\"\" class=\"wp-image-1020\"\/><\/figure>\n<\/div>\n\n\n<p class=\"has-text-align-left\">Um den zuverl\u00e4ssigen und sicheren Betrieb unseres Vereinskompressors k\u00fcmmert sich unser Kompressorwart <a href=\"mailto:Daniel.Dewald@time-shift.de\">Daniel Dewald<\/a>. Sollte ihr Fragen zum Kompressor haben, oder einen individuellen F\u00fclltermin vereinbaren wollen, schreibt ihm einfach eine <a href=\"mailto:Daniel.Dewald@time-shift.de\">E-Mail<\/a>.  <\/p> \n\n\n\n<p class=\"has-text-align-left\">Der Kompressor darf nur von f\u00fcllberechtigten Vereinsmitgliedern bedient werden, welche vorher eine Schulung durchlaufen m\u00fcssen. Nicht f\u00fcllberechtigte Personen d\u00fcrfen den Kompressorraum nur unter Aufsicht betreten. Allerdings k\u00f6nnen alle Mitglieder des Vereins an vorher bekannt gegebenen Terminen, bzw. nach Terminvereinbarung mit einem f\u00fcll-berechtigten Mitglied, ihre eignen bzw. vom Verein geliehenen Flaschen gegen einen Unkostenbeitrag f\u00fcllen lassen. Die F\u00fcllkosten werden jedes Jahr anhand des Verbrauchs und der projizierten Wartungskosten neu berechnet und zur Jahreshauptversammlung und auf dieser Seite, bekannt gegeben.  <\/p> \n\n\n\n<div class=\"wp-block-columns is-layout-flex wp-container-core-columns-is-layout-9d6595d7 wp-block-columns-is-layout-flex\">\n<div class=\"wp-block-column is-layout-flow wp-block-column-is-layout-flow\" style=\"flex-basis:100%\">\n<div class=\"wp-block-group\"><div class=\"wp-block-group__inner-container is-layout-flow wp-block-group-is-layout-flow\">\n<pre class=\"wp-block-verse\"><strong>Voraussetzung f\u00fcr eine F\u00fcllung eurer Flasche ist eine <span style=\"background-color:rgba(0, 0, 0, 0)\" class=\"has-inline-color has-vivid-red-color\">g\u00fcltige<\/span> Wiederholungspr\u00fcfung (Aufkleber oder eingeschlagener Stempel auf der Flasche), eine entsprechend der geltenden rechtlichen Bestimmungen eindeutige Kennzeichnung als DTG und ein Ventil mit Gewinde f\u00fcr Pressluft nach DIN 477-1 Nr. 13. <span style=\"background-color:rgba(0, 0, 0, 0)\" class=\"has-inline-color has-vivid-red-color\">Flaschen von Nichtmitgliedern k\u00f6nnen prinzipiell nicht gef\u00fcllt werden!<\/span><\/strong> Alle weiteren Regelungen bez\u00fcglich des Vereinskompressors findet ihr in der <a href=\"https:\/\/scubi.stade.net\/wp-content\/uploads\/2024\/03\/Kompressordnung.pdf\" data-type=\"URL\" target=\"_blank\" rel=\"noreferrer noopener\">Kompressor- und F\u00fcllordnung<\/a><\/pre>\n\n\n\n <p>  <\/p> \n<\/div><\/div>\n<\/div>\n<\/div>\n\n\n\n<div style=\"height:1px\" aria-hidden=\"true\" class=\"wp-block-spacer\"><\/div>\n\n\n\n <p> <strong>Aktuelle F\u00fcllkosten f\u00fcr Vereinsmitglieder<\/strong> <\/p> \n\n\n\n <p> Der Unkostenbeitrag einer Flaschenf\u00fcllung f\u00fcr Vereinsmitglieder bel\u00e4uft sich zur Zeit auf <em><strong>0,20\u20ac<\/strong> <strong>pro Liter<\/strong><\/em> (220 bar Enddruck, warm). Der Restdruck in der Flasche vor F\u00fcllbeginn ist, aus Gr\u00fcnden der einfachen Abrechnung, nicht relevant. F\u00fcllungen auf 300bar sind technisch an unserem Kompressor nicht m\u00f6glich. Gef\u00fcllt werden kann nur Atemluft nach DIN EN 12021. <\/p> \n\n\n\n <p> <em>Beispielpreise:<\/em> <\/p> \n\n\n\n<figure class=\"wp-block-table is-style-stripes\"><table class=\"has-fixed-layout\"><thead><tr><th class=\"has-text-align-left\" data-align=\"left\">Flaschengr\u00f6\u00dfe<\/th><th class=\"has-text-align-left\" data-align=\"left\">Preis<\/th><\/tr><\/thead><tbody><tr><td class=\"has-text-align-left\" data-align=\"left\">5L<\/td><td class=\"has-text-align-left\" data-align=\"left\"><em>1,0\u20ac<\/em><\/td><\/tr><tr><td class=\"has-text-align-left\" data-align=\"left\">10L<\/td><td class=\"has-text-align-left\" data-align=\"left\"><em>2,00\u20ac<\/em><\/td><\/tr><tr><td class=\"has-text-align-left\" data-align=\"left\">12L<\/td><td class=\"has-text-align-left\" data-align=\"left\"><em>2,40<\/em>\u20ac<\/td><\/tr><tr><td class=\"has-text-align-left\" data-align=\"left\">Doppelflasche 10L<\/td><td class=\"has-text-align-left\" data-align=\"left\"><em>4\u20ac<\/em><\/td><\/tr><tr><td class=\"has-text-align-left\" data-align=\"left\">Doppelflasche 12L<\/td><td class=\"has-text-align-left\" data-align=\"left\"><em>4,80\u20ac<\/em><\/td><\/tr><\/tbody><\/table><\/figure>\n\n\n\n <p> Alle F\u00fcllungen werden vom F\u00fcllberechtigten, der eure Flasche f\u00fcllt, auf eurem pers\u00f6nlichen Kostenblatt vermerkt (Das Kostenblatt wird bei der ersten F\u00fcllung des Jahres f\u00fcr euch vom F\u00fcllberechtigten angelegt). Einmal pro Quartal bekommt ihr eine Zahlungsaufforderung per E-Mail mit eurer pers\u00f6nlichen Kostenabrechnung. Den Betrag \u00fcberweist ihr dann einfach direkt auf das Kompressorkonto. <\/p> \n\n\n\n <p> <strong>Die n\u00e4chsten F\u00fclltermine f\u00fcr Vereinsmitglieder.<\/strong> <\/p> \n\n\n<ul  class=\"eo-events eo-events-shortcode\"><li class=\"eo-event-venue-auruestungs-garage eo-event-cat-fuelltermin eo-event-future\"><span style=\"color: #000000; font-family: Verdana, Arial, Helvetica, sans-serif; font-size: small;\"><a href=\"https:\/\/scubi.stade.net\/?event=flaschen-fuellen-fuer-vereinsmitglieder\">08.05.2026 18:00 &#8211;  19:30<\/a><\/span><\/li><li class=\"eo-event-venue-auruestungs-garage eo-event-cat-fuelltermin eo-event-future\"><span style=\"color: #000000; font-family: Verdana, Arial, Helvetica, sans-serif; font-size: small;\"><a href=\"https:\/\/scubi.stade.net\/?event=flaschen-fuellen-fuer-vereinsmitglieder\">22.05.2026 18:00 &#8211;  19:30<\/a><\/span><\/li><li class=\"eo-event-venue-auruestungs-garage eo-event-cat-fuelltermin eo-event-future\"><span style=\"color: #000000; font-family: Verdana, Arial, Helvetica, sans-serif; font-size: small;\"><a href=\"https:\/\/scubi.stade.net\/?event=flaschen-fuellen-fuer-vereinsmitglieder\">29.05.2026 18:00 &#8211;  19:30<\/a><\/span><\/li><li class=\"eo-event-venue-auruestungs-garage eo-event-cat-fuelltermin eo-event-future\"><span style=\"color: #000000; font-family: Verdana, Arial, Helvetica, sans-serif; font-size: small;\"><a href=\"https:\/\/scubi.stade.net\/?event=flaschen-fuellen-fuer-vereinsmitglieder\">05.06.2026 18:00 &#8211;  19:30<\/a><\/span><\/li><li class=\"eo-event-venue-auruestungs-garage eo-event-cat-fuelltermin eo-event-future\"><span style=\"color: #000000; font-family: Verdana, Arial, Helvetica, sans-serif; font-size: small;\"><a href=\"https:\/\/scubi.stade.net\/?event=flaschen-fuellen-fuer-vereinsmitglieder\">12.06.2026 18:00 &#8211;  19:30<\/a><\/span><\/li><\/ul>\n\n\n\n <p> Solltet ihr zu einem der angegebenen Termine eure Flasche f\u00fcllen wollen, meldet euch beim Kompressorwart an. Seid bitte p\u00fcnktlich zu Beginn des Termins an der Garage und bringt (falls ihr das erste mal f\u00fcr dieses Jahr da seid) einen Mitgliedsnachweis (z.B. euren Taucherpass) mit, um gegebenenfalls nachzuweisen dass ihr Vereinsmitglied seid. Stellt bitte vorher sicher, dass eure Flaschen die Voraussetzungen zum F\u00fcllen einhalten. Ausnahmen k\u00f6nnen wir schon aus versicherungs- und haftungstechnischen Gr\u00fcnden nicht machen. <\/p> \n\n\n\n <p> Falls ihr zu keinem der angegebenen Termine k\u00f6nnt, setzt euch einfach mit dem Kompressorwart oder einem f\u00fcllberechtigten Mitglied in Verbindung. Aktuell f\u00fcllberechtigt sind folgende Vereinsmitglieder: <\/p> \n\n\n\n<ul class=\"wp-block-list\">\n<li><a href=\"mailto:Daniel.Dewald@time-shift.de\">Daniel Dewald<\/a> (<em>Kompressorwart<\/em>)<\/li>\n\n\n\n<li><a href=\"mailto:ralf.tesmer@web.de\">Ralf Tesmer<\/a> (<em>Materialwart<\/em>)<\/li>\n\n\n\n<li><a href=\"mailto:helge@mueller-stosch.de\">Helge M\u00fcller-Stosch<\/a> (<em>Gesch\u00e4ftsf\u00fchrer<\/em>)<\/li>\n\n\n\n<li><a href=\"mailto:christoph-schroeder98@web.de\">Christoph Schroeder<\/a> (<em>Ausbildungswart<\/em>)<\/li>\n<\/ul>\n\n\n\n <p>  <\/p> \n","protected":false},"excerpt":{"rendered":" <p> Seit dem 20.08.2021 verf\u00fcgt die Tauchsportgemeinschaft SCUBI e.V. Stade \u00fcber einen eigenen modernen Kompressor des Modells PE-MVE 250 der Marke Bauer. Mit seiner Luftlieferleistung von 250L\/min, B-DRAIN Kondensatautomatik und elektronischer SECURUS Filterpatronen\u00fcberwachung, k\u00f6nnen wir jederzeit schnell, zuverl\u00e4ssig und sicher Atemluft nach DIN EN 12021 f\u00fcr die Ausbildung und unsere Mitglieder zur Verf\u00fcgung stellen. Der Kompressor [&hellip;] <\/p> \n","protected":false},"author":10,"featured_media":0,"parent":25,"menu_order":1,"comment_status":"closed","ping_status":"closed","template":"","meta":{"inline_featured_image":false,"footnotes":""},"class_list":["post-1075","page","type-page","status-publish","hentry"],"_links":{"self":[{"href":"https:\/\/scubi.stade.net\/index.php?rest_route=\/wp\/v2\/pages\/1075","targetHints":{"allow":["GET"]}}],"collection":[{"href":"https:\/\/scubi.stade.net\/index.php?rest_route=\/wp\/v2\/pages"}],"about":[{"href":"https:\/\/scubi.stade.net\/index.php?rest_route=\/wp\/v2\/types\/page"}],"author":[{"embeddable":true,"href":"https:\/\/scubi.stade.net\/index.php?rest_route=\/wp\/v2\/users\/10"}],"replies":[{"embeddable":true,"href":"https:\/\/scubi.stade.net\/index.php?rest_route=%2Fwp%2Fv2%2Fcomments&post=1075"}],"version-history":[{"count":71,"href":"https:\/\/scubi.stade.net\/index.php?rest_route=\/wp\/v2\/pages\/1075\/revisions"}],"predecessor-version":[{"id":2276,"href":"https:\/\/scubi.stade.net\/index.php?rest_route=\/wp\/v2\/pages\/1075\/revisions\/2276"}],"up":[{"embeddable":true,"href":"https:\/\/scubi.stade.net\/index.php?rest_route=\/wp\/v2\/pages\/25"}],"wp:attachment":[{"href":"https:\/\/scubi.stade.net\/index.php?rest_route=%2Fwp%2Fv2%2Fmedia&parent=1075"}],"curies":[{"name":"wp","href":"https:\/\/api.w.org\/{rel}","templated":true}]}}