{"id":45,"date":"2016-02-08T21:33:25","date_gmt":"2016-02-08T20:33:25","guid":{"rendered":"http:\/\/scubi.stade.net\/?page_id=45"},"modified":"2022-02-21T10:41:43","modified_gmt":"2022-02-21T09:41:43","slug":"wer-sind-wir-2","status":"publish","type":"page","link":"https:\/\/scubi.stade.net\/?page_id=45","title":{"rendered":"Wer sind wir"},"content":{"rendered":"\n <p> <span style=\"font-family: Verdana, Arial, Helvetica, sans-serif; font-size: small;\">Wir Subianer haben&nbsp;haben uns mehrere Ziele gesteckt:<\/span> <\/p> \n\n\n\n<ul class=\"wp-block-list\"><li><span style=\"font-family: Verdana, Arial, Helvetica, sans-serif; font-size: small;\">Die <\/span><span style=\"font-family: Verdana, Arial, Helvetica, sans-serif; font-size: small;\">Sicherheit beim Tauchen durch Training und Erfahrungsaustausch zu erh\u00f6hen<\/span><\/li><li><span style=\"font-family: Verdana, Arial, Helvetica, sans-serif; font-size: small;\">Hilfe &#8211; insbesondere f\u00fcr Anf\u00e4nger &#8211; anzubieten<\/span><\/li><li><span style=\"font-family: Verdana, Arial, Helvetica, sans-serif; font-size: small;\">Tauchpartner zu finden <\/span><\/li><li><span style=\"font-family: Verdana, Arial, Helvetica, sans-serif; font-size: small;\"><span style=\"font-family: Verdana, Arial, Helvetica, sans-serif; font-size: small;\">Fortbildung zum Thema Tauchen anzubieten<\/span><\/span><\/li><\/ul>\n\n\n\n <p> <span style=\"font-family: Verdana, Arial, Helvetica, sans-serif; font-size: small;\"><span style=\"font-family: Verdana, Arial, Helvetica, sans-serif; font-size: small;\">Wir m\u00f6chten&nbsp;<\/span><\/span><span style=\"font-family: Verdana, Arial, Helvetica, sans-serif; font-size: small;\">Interessierte an den Tauchsport &#8211; durch <a href=\"https:\/\/scubi.stade.net\/?page_id=58\">Schnuppertauchen<\/a> &#8211; heranf\u00fchren und gemeinsam Spass haben. <\/span> <\/p> \n\n\n\n <p> &nbsp; <\/p> \n","protected":false},"excerpt":{"rendered":" <p> Wir Subianer haben&nbsp;haben uns mehrere Ziele gesteckt: Die Sicherheit beim Tauchen durch Training und Erfahrungsaustausch zu erh\u00f6hen Hilfe &#8211; insbesondere f\u00fcr Anf\u00e4nger &#8211; anzubieten Tauchpartner zu finden Fortbildung zum Thema Tauchen anzubieten Wir m\u00f6chten&nbsp;Interessierte an den Tauchsport &#8211; durch Schnuppertauchen &#8211; heranf\u00fchren und gemeinsam Spass haben. &nbsp; <\/p> \n","protected":false},"author":10,"featured_media":0,"parent":22,"menu_order":0,"comment_status":"closed","ping_status":"closed","template":"","meta":{"inline_featured_image":false,"footnotes":""},"class_list":["post-45","page","type-page","status-publish","hentry"],"_links":{"self":[{"href":"https:\/\/scubi.stade.net\/index.php?rest_route=\/wp\/v2\/pages\/45","targetHints":{"allow":["GET"]}}],"collection":[{"href":"https:\/\/scubi.stade.net\/index.php?rest_route=\/wp\/v2\/pages"}],"about":[{"href":"https:\/\/scubi.stade.net\/index.php?rest_route=\/wp\/v2\/types\/page"}],"author":[{"embeddable":true,"href":"https:\/\/scubi.stade.net\/index.php?rest_route=\/wp\/v2\/users\/10"}],"replies":[{"embeddable":true,"href":"https:\/\/scubi.stade.net\/index.php?rest_route=%2Fwp%2Fv2%2Fcomments&post=45"}],"version-history":[{"count":10,"href":"https:\/\/scubi.stade.net\/index.php?rest_route=\/wp\/v2\/pages\/45\/revisions"}],"predecessor-version":[{"id":1454,"href":"https:\/\/scubi.stade.net\/index.php?rest_route=\/wp\/v2\/pages\/45\/revisions\/1454"}],"up":[{"embeddable":true,"href":"https:\/\/scubi.stade.net\/index.php?rest_route=\/wp\/v2\/pages\/22"}],"wp:attachment":[{"href":"https:\/\/scubi.stade.net\/index.php?rest_route=%2Fwp%2Fv2%2Fmedia&parent=45"}],"curies":[{"name":"wp","href":"https:\/\/api.w.org\/{rel}","templated":true}]}}